{"id":2099,"date":"2015-09-08T20:36:08","date_gmt":"2015-09-08T17:36:08","guid":{"rendered":"http:\/\/skotlanninhirvikoirat.fi\/?page_id=2099"},"modified":"2024-06-11T22:18:11","modified_gmt":"2024-06-11T19:18:11","slug":"jto","status":"publish","type":"page","link":"https:\/\/skotlanninhirvikoirat.fi\/?page_id=2099","title":{"rendered":"Jalostuksen tavoiteohjelma"},"content":{"rendered":"<p>Rotumme jalostuksen tavoiteohjelma eli JTO luettavissa t\u00e4st\u00e4: <a href=\"https:\/\/skotlanninhirvikoirat.fi\/wp-content\/uploads\/2024\/01\/Skotlanninhirvikoiran-jalostuksen-tavoiteohjelma-viimeisin-muokkaus.pdf\">JTO 2024-2028<\/a><\/p>\n<p>JTO on my\u00f6s julkaistu Kennelliiton yll\u00e4pit\u00e4m\u00e4ss\u00e4 jalostustietokannassa.<\/p>\n<ul>\n<li>Yleist\u00e4 tietoa JTO:sta ja sen tavoitteista\u00a0<strong><a href=\"http:\/\/www.kennelliitto.fi\/kasvatus-ja-terveys\/jalostusstrategia-tavoiteohjelmat\/jalostuksen-tavoiteohjelma-on-tietopaketti\" target=\"_blank\" rel=\"noopener noreferrer\">Kennelliiton sivuilla<\/a><\/strong><\/li>\n<\/ul>\n","protected":false},"excerpt":{"rendered":"<p>Rotumme jalostuksen tavoiteohjelma eli JTO luettavissa t\u00e4st\u00e4: JTO 2024-2028 JTO on my\u00f6s julkaistu Kennelliiton yll\u00e4pit\u00e4m\u00e4ss\u00e4 jalostustietokannassa. Yleist\u00e4 tietoa JTO:sta ja sen tavoitteista\u00a0Kennelliiton sivuilla<\/p>\n","protected":false},"author":6,"featured_media":0,"parent":0,"menu_order":0,"comment_status":"closed","ping_status":"open","template":"","meta":{"footnotes":""},"class_list":["post-2099","page","type-page","status-publish","hentry"],"_links":{"self":[{"href":"https:\/\/skotlanninhirvikoirat.fi\/index.php?rest_route=\/wp\/v2\/pages\/2099","targetHints":{"allow":["GET"]}}],"collection":[{"href":"https:\/\/skotlanninhirvikoirat.fi\/index.php?rest_route=\/wp\/v2\/pages"}],"about":[{"href":"https:\/\/skotlanninhirvikoirat.fi\/index.php?rest_route=\/wp\/v2\/types\/page"}],"author":[{"embeddable":true,"href":"https:\/\/skotlanninhirvikoirat.fi\/index.php?rest_route=\/wp\/v2\/users\/6"}],"replies":[{"embeddable":true,"href":"https:\/\/skotlanninhirvikoirat.fi\/index.php?rest_route=%2Fwp%2Fv2%2Fcomments&post=2099"}],"version-history":[{"count":6,"href":"https:\/\/skotlanninhirvikoirat.fi\/index.php?rest_route=\/wp\/v2\/pages\/2099\/revisions"}],"predecessor-version":[{"id":4499,"href":"https:\/\/skotlanninhirvikoirat.fi\/index.php?rest_route=\/wp\/v2\/pages\/2099\/revisions\/4499"}],"wp:attachment":[{"href":"https:\/\/skotlanninhirvikoirat.fi\/index.php?rest_route=%2Fwp%2Fv2%2Fmedia&parent=2099"}],"curies":[{"name":"wp","href":"https:\/\/api.w.org\/{rel}","templated":true}]}}