{"id":2516,"date":"2016-03-13T18:43:30","date_gmt":"2016-03-13T16:43:30","guid":{"rendered":"http:\/\/skotlanninhirvikoirat.fi\/?page_id=2516"},"modified":"2019-07-30T11:31:08","modified_gmt":"2019-07-30T08:31:08","slug":"club-show-2016-2","status":"publish","type":"page","link":"https:\/\/skotlanninhirvikoirat.fi\/?page_id=2516","title":{"rendered":"Club Show 2016"},"content":{"rendered":"<h2><span style=\"color: #682b30;\">3.7.2016 Hyvink\u00e4\u00e4 (11+19, pentuja 5+5)<\/span><\/h2>\n<p>Tuomari:&nbsp;Caroline Van Zanten-Boomgaard, <a href=\"http:\/\/www.o-cockaigne.eu\/\" target=\"_blank\" rel=\"noopener noreferrer\">kennel O\u2019cockaigne<\/a>, Alankomaat<\/p>\n<p>&nbsp;<\/p>\n<p><strong><span style=\"color: #682b30;\">BIS-tulokset:<\/span><\/strong><\/p>\n<p>Kerslake Doreen BIS-1<br \/>\nLawtons Copyright Costeau BIS-2 BIS-k\u00e4ytt\u00f6<br \/>\nSassatown Perth BIS-3<br \/>\nLawtons Cain Cavall to Kerslake BIS-4<br \/>\nBlack Jade\u2019s Mynka to Mearcair BIS-5<\/p>\n<p>Kerslake Evanna to Kilbrandon BIS-pentu<br \/>\nBlixten Steps of Freedom BIS-juniori<br \/>\nSandmanscot\u2019s Caoilfhionn BIS-nuori<br \/>\nBaylind Hepburn to Blixten BIS-veteraani<\/p>\n<p>&nbsp;<\/p>\n<p><strong><span style=\"color: #682b30;\">Kaikki tulokset:<\/span><\/strong><\/p>\n<p><span style=\"color: #800000;\">Urokset:<\/span><\/p>\n<p><span style=\"text-decoration: underline;\">Pikkupennut 4-7kk<\/span><\/p>\n<p>Kerslake Elfyn PP1<br \/>\nKerslake Eytan PP2<br \/>\nKeslake Ector PP3<\/p>\n<p><span style=\"text-decoration: underline;\">Pennut<\/span><\/p>\n<p>Direwolf Mac Custennin PEN1<br \/>\nDirewolf Mac Curadhan PEN2<\/p>\n<p><span style=\"text-decoration: underline;\">Juniorit<\/span><\/p>\n<p>Blixten Secret We Know EH1<br \/>\nBlixten Staghunter For Ever T2<br \/>\nAghnadarragh Lachaidh T3<br \/>\nBlixten Such a Charmer EVA<\/p>\n<p><span style=\"text-decoration: underline;\">Nuoret<\/span><\/p>\n<p>Sassatown Perth EH1 BIS3<br \/>\nChic Choix Dhulert Cameron POIS<br \/>\nHyndsight Easy Feelin POIS<\/p>\n<p><span style=\"text-decoration: underline;\">K\u00e4ytt\u00f6<\/span><\/p>\n<p>Lawtons Copyright Costeau ERI1 BIS-k\u00e4ytt\u00f6 BIS-2 Paras p\u00e4\u00e4 ja ilme<\/p>\n<p><span style=\"text-decoration: underline;\">Valio<\/span><\/p>\n<p>Lawtons Cain Cavall to Kerslake ERI1 BIS-4<br \/>\nBrisley Brae Druid EH2<br \/>\nChic Choix Dhulert Arathorn EH3<br \/>\nBlack Jade\u2019s Bohann EH4<br \/>\nFitzens Eagle H5<br \/>\nScottclan\u2019s Andrew for Blixten POIS<\/p>\n<p><span style=\"color: #800000;\">Nartut:<\/span><\/p>\n<p><span style=\"text-decoration: underline;\">Pikkupennut 4-7kk<\/span><\/p>\n<p>Kerslake Evanna to Kilbrandon PP1 KP BIS-pentu<br \/>\nKerslake Eilidh PP2<\/p>\n<p><span style=\"text-decoration: underline;\">Pennut<\/span><\/p>\n<p>Direwolf Mc Coventina PEN1<br \/>\nDirewolf Mc Ceallach PEN2<br \/>\nDirewolf Mc Camey PEN3<\/p>\n<p><span style=\"text-decoration: underline;\">Juniorit<\/span><\/p>\n<p>Blixten Steps of Freedom EH1 BIS-junior<br \/>\nVaikonniemen Burning Heart EH2<br \/>\nBlixten Success Story EH3<br \/>\nCrathlint Dwynwen Dee EH4<br \/>\nWarm Wellcome von de Oelm\u00fchle T5<\/p>\n<p><span style=\"text-decoration: underline;\">Nuoret<\/span><\/p>\n<p>Sandmanscot\u2019s Caoilfhionn EH1 BIS-nuori<br \/>\nSandmanscot\u2019s Cliodhna EH2<br \/>\nSassatown Melbourne H3<\/p>\n<p><span style=\"text-decoration: underline;\">K\u00e4ytt\u00f6<\/span><\/p>\n<p>Black Jade\u2019s Mynka to Mearcair EH1 BIS5<br \/>\nBlack Jade\u2019s Fame and Fortune H2<\/p>\n<p><span style=\"text-decoration: underline;\">Valiot<\/span><\/p>\n<p>Kerslake Doreen ERI1 BIS-1 Paras liikkuja<br \/>\nChic Choix Arwen to Blixten ERI2<br \/>\nScottclan\u2019s Audrey for Blixten EH3<br \/>\nVaikonniemen \u00d6ver the Orange Moon EH4<br \/>\nVaikonniemen Zimazuu EH5<br \/>\nBrokenwheel Mc Blodeuwedd EH6<br \/>\nScottclan\u2019s Avril to Pearch Hill EH7<br \/>\nKilbrandon Olga EH8<\/p>\n<p><span style=\"text-decoration: underline;\">Veteraanit yli 10-v<\/span><\/p>\n<p>Baylind Hepburn to Blixten EH1 BIS-veteraani<\/p>\n<p><span style=\"text-decoration: underline;\">Kasvattajat<\/span><\/p>\n<p>Blixten KASV1 BIS-1<br \/>\nVaikonniemen KASV2<\/p>\n<p><span style=\"text-decoration: underline;\">Jalostus<\/span><\/p>\n<p>Chic Choic Arwen to Blixten JAL1 BIS-1<\/p>\n<figure id=\"attachment_2808\" aria-describedby=\"caption-attachment-2808\" style=\"width: 500px\" class=\"wp-caption alignnone\"><img loading=\"lazy\" decoding=\"async\" class=\"wp-image-2808\" src=\"http:\/\/skotlanninhirvikoirat.fi\/wp-content\/uploads\/2016\/03\/BIS2016-1024x683.jpg\" alt=\"BIS2016\" width=\"500\" height=\"333\" srcset=\"https:\/\/skotlanninhirvikoirat.fi\/wp-content\/uploads\/2016\/03\/BIS2016-1024x683.jpg 1024w, https:\/\/skotlanninhirvikoirat.fi\/wp-content\/uploads\/2016\/03\/BIS2016-1536x1024.jpg 1536w, https:\/\/skotlanninhirvikoirat.fi\/wp-content\/uploads\/2016\/03\/BIS2016-2048x1365.jpg 2048w, https:\/\/skotlanninhirvikoirat.fi\/wp-content\/uploads\/2016\/03\/BIS2016-405x270.jpg 405w, https:\/\/skotlanninhirvikoirat.fi\/wp-content\/uploads\/2016\/03\/BIS2016-300x200.jpg 300w, https:\/\/skotlanninhirvikoirat.fi\/wp-content\/uploads\/2016\/03\/BIS2016-768x512.jpg 768w\" sizes=\"auto, (max-width: 500px) 100vw, 500px\" \/><figcaption id=\"caption-attachment-2808\" class=\"wp-caption-text\">BIS-1 Kerslake Doreen<\/figcaption><\/figure>\n<figure id=\"attachment_2809\" aria-describedby=\"caption-attachment-2809\" style=\"width: 500px\" class=\"wp-caption alignnone\"><img loading=\"lazy\" decoding=\"async\" class=\"wp-image-2809\" src=\"http:\/\/skotlanninhirvikoirat.fi\/wp-content\/uploads\/2016\/03\/BIS-2-1024x925.jpg\" alt=\"BIS-2\" width=\"500\" height=\"451\" srcset=\"https:\/\/skotlanninhirvikoirat.fi\/wp-content\/uploads\/2016\/03\/BIS-2-1024x925.jpg 1024w, https:\/\/skotlanninhirvikoirat.fi\/wp-content\/uploads\/2016\/03\/BIS-2-768x693.jpg 768w, https:\/\/skotlanninhirvikoirat.fi\/wp-content\/uploads\/2016\/03\/BIS-2-1536x1387.jpg 1536w, https:\/\/skotlanninhirvikoirat.fi\/wp-content\/uploads\/2016\/03\/BIS-2-2048x1849.jpg 2048w, https:\/\/skotlanninhirvikoirat.fi\/wp-content\/uploads\/2016\/03\/BIS-2-299x270.jpg 299w, https:\/\/skotlanninhirvikoirat.fi\/wp-content\/uploads\/2016\/03\/BIS-2-300x271.jpg 300w\" sizes=\"auto, (max-width: 500px) 100vw, 500px\" \/><figcaption id=\"caption-attachment-2809\" class=\"wp-caption-text\">BIS-2 BIS-k\u00e4ytt\u00f6 Lawtons Copyright Costeau<\/figcaption><\/figure>\n<figure id=\"attachment_2810\" aria-describedby=\"caption-attachment-2810\" style=\"width: 500px\" class=\"wp-caption alignnone\"><img loading=\"lazy\" decoding=\"async\" class=\"wp-image-2810\" src=\"http:\/\/skotlanninhirvikoirat.fi\/wp-content\/uploads\/2016\/03\/BIS-3-1024x827.jpg\" alt=\"BIS-3\" width=\"500\" height=\"404\" srcset=\"https:\/\/skotlanninhirvikoirat.fi\/wp-content\/uploads\/2016\/03\/BIS-3-1024x827.jpg 1024w, https:\/\/skotlanninhirvikoirat.fi\/wp-content\/uploads\/2016\/03\/BIS-3-1536x1241.jpg 1536w, https:\/\/skotlanninhirvikoirat.fi\/wp-content\/uploads\/2016\/03\/BIS-3-2048x1654.jpg 2048w, https:\/\/skotlanninhirvikoirat.fi\/wp-content\/uploads\/2016\/03\/BIS-3-334x270.jpg 334w, https:\/\/skotlanninhirvikoirat.fi\/wp-content\/uploads\/2016\/03\/BIS-3-300x242.jpg 300w, https:\/\/skotlanninhirvikoirat.fi\/wp-content\/uploads\/2016\/03\/BIS-3-768x620.jpg 768w\" sizes=\"auto, (max-width: 500px) 100vw, 500px\" \/><figcaption id=\"caption-attachment-2810\" class=\"wp-caption-text\">BIS-3 Sassatown Perth<\/figcaption><\/figure>\n<figure id=\"attachment_2811\" aria-describedby=\"caption-attachment-2811\" style=\"width: 500px\" class=\"wp-caption alignnone\"><img loading=\"lazy\" decoding=\"async\" class=\"wp-image-2811\" src=\"http:\/\/skotlanninhirvikoirat.fi\/wp-content\/uploads\/2016\/03\/BIS-4-1024x839.jpg\" alt=\"BIS-4\" width=\"500\" height=\"410\" srcset=\"https:\/\/skotlanninhirvikoirat.fi\/wp-content\/uploads\/2016\/03\/BIS-4-1024x839.jpg 1024w, https:\/\/skotlanninhirvikoirat.fi\/wp-content\/uploads\/2016\/03\/BIS-4-1536x1259.jpg 1536w, https:\/\/skotlanninhirvikoirat.fi\/wp-content\/uploads\/2016\/03\/BIS-4-2048x1679.jpg 2048w, https:\/\/skotlanninhirvikoirat.fi\/wp-content\/uploads\/2016\/03\/BIS-4-329x270.jpg 329w, https:\/\/skotlanninhirvikoirat.fi\/wp-content\/uploads\/2016\/03\/BIS-4-300x246.jpg 300w, https:\/\/skotlanninhirvikoirat.fi\/wp-content\/uploads\/2016\/03\/BIS-4-768x629.jpg 768w\" sizes=\"auto, (max-width: 500px) 100vw, 500px\" \/><figcaption id=\"caption-attachment-2811\" class=\"wp-caption-text\">BIS-4 Lawtons Cain Cavall to Kerslake<\/figcaption><\/figure>\n<figure id=\"attachment_2812\" aria-describedby=\"caption-attachment-2812\" style=\"width: 500px\" class=\"wp-caption alignnone\"><img loading=\"lazy\" decoding=\"async\" class=\"wp-image-2812\" src=\"http:\/\/skotlanninhirvikoirat.fi\/wp-content\/uploads\/2016\/03\/BIS-5-Black-Jades-Mynka-To-Mearcair-1024x854.jpg\" alt=\"BIS-5 Black Jade's Mynka To Mearcair\" width=\"500\" height=\"417\" srcset=\"https:\/\/skotlanninhirvikoirat.fi\/wp-content\/uploads\/2016\/03\/BIS-5-Black-Jades-Mynka-To-Mearcair-1024x854.jpg 1024w, https:\/\/skotlanninhirvikoirat.fi\/wp-content\/uploads\/2016\/03\/BIS-5-Black-Jades-Mynka-To-Mearcair-768x640.jpg 768w, https:\/\/skotlanninhirvikoirat.fi\/wp-content\/uploads\/2016\/03\/BIS-5-Black-Jades-Mynka-To-Mearcair-1536x1281.jpg 1536w, https:\/\/skotlanninhirvikoirat.fi\/wp-content\/uploads\/2016\/03\/BIS-5-Black-Jades-Mynka-To-Mearcair-2048x1708.jpg 2048w, https:\/\/skotlanninhirvikoirat.fi\/wp-content\/uploads\/2016\/03\/BIS-5-Black-Jades-Mynka-To-Mearcair-324x270.jpg 324w, https:\/\/skotlanninhirvikoirat.fi\/wp-content\/uploads\/2016\/03\/BIS-5-Black-Jades-Mynka-To-Mearcair-300x250.jpg 300w\" sizes=\"auto, (max-width: 500px) 100vw, 500px\" \/><figcaption id=\"caption-attachment-2812\" class=\"wp-caption-text\">BIS-5 Black Jade\u2019s Mynka to Mearcair<\/figcaption><\/figure>\n<figure id=\"attachment_2813\" aria-describedby=\"caption-attachment-2813\" style=\"width: 500px\" class=\"wp-caption alignnone\"><img loading=\"lazy\" decoding=\"async\" class=\"wp-image-2813\" src=\"http:\/\/skotlanninhirvikoirat.fi\/wp-content\/uploads\/2016\/03\/BIS-Pentu-Kerslake-Evanna-To-Kilbrandon-1024x997.jpg\" alt=\"BIS-Pentu Kerslake Evanna To Kilbrandon\" width=\"500\" height=\"487\" srcset=\"https:\/\/skotlanninhirvikoirat.fi\/wp-content\/uploads\/2016\/03\/BIS-Pentu-Kerslake-Evanna-To-Kilbrandon-1024x997.jpg 1024w, https:\/\/skotlanninhirvikoirat.fi\/wp-content\/uploads\/2016\/03\/BIS-Pentu-Kerslake-Evanna-To-Kilbrandon-1536x1495.jpg 1536w, https:\/\/skotlanninhirvikoirat.fi\/wp-content\/uploads\/2016\/03\/BIS-Pentu-Kerslake-Evanna-To-Kilbrandon-2048x1994.jpg 2048w, https:\/\/skotlanninhirvikoirat.fi\/wp-content\/uploads\/2016\/03\/BIS-Pentu-Kerslake-Evanna-To-Kilbrandon-277x270.jpg 277w, https:\/\/skotlanninhirvikoirat.fi\/wp-content\/uploads\/2016\/03\/BIS-Pentu-Kerslake-Evanna-To-Kilbrandon-300x292.jpg 300w, https:\/\/skotlanninhirvikoirat.fi\/wp-content\/uploads\/2016\/03\/BIS-Pentu-Kerslake-Evanna-To-Kilbrandon-768x748.jpg 768w, https:\/\/skotlanninhirvikoirat.fi\/wp-content\/uploads\/2016\/03\/BIS-Pentu-Kerslake-Evanna-To-Kilbrandon-45x45.jpg 45w, https:\/\/skotlanninhirvikoirat.fi\/wp-content\/uploads\/2016\/03\/BIS-Pentu-Kerslake-Evanna-To-Kilbrandon-50x50.jpg 50w\" sizes=\"auto, (max-width: 500px) 100vw, 500px\" \/><figcaption id=\"caption-attachment-2813\" class=\"wp-caption-text\">BIS-pentu Kerslake Evanna to Kilbrandon<\/figcaption><\/figure>\n<figure id=\"attachment_2814\" aria-describedby=\"caption-attachment-2814\" style=\"width: 500px\" class=\"wp-caption alignnone\"><img loading=\"lazy\" decoding=\"async\" class=\"wp-image-2814\" src=\"http:\/\/skotlanninhirvikoirat.fi\/wp-content\/uploads\/2016\/03\/BIS-JUN-Blixten-Steps-of-Freedom-1024x750.jpg\" alt=\"BIS-JUN Blixten Steps of Freedom\" width=\"500\" height=\"366\" srcset=\"https:\/\/skotlanninhirvikoirat.fi\/wp-content\/uploads\/2016\/03\/BIS-JUN-Blixten-Steps-of-Freedom-1024x750.jpg 1024w, https:\/\/skotlanninhirvikoirat.fi\/wp-content\/uploads\/2016\/03\/BIS-JUN-Blixten-Steps-of-Freedom-1536x1126.jpg 1536w, https:\/\/skotlanninhirvikoirat.fi\/wp-content\/uploads\/2016\/03\/BIS-JUN-Blixten-Steps-of-Freedom-2048x1501.jpg 2048w, https:\/\/skotlanninhirvikoirat.fi\/wp-content\/uploads\/2016\/03\/BIS-JUN-Blixten-Steps-of-Freedom-368x270.jpg 368w, https:\/\/skotlanninhirvikoirat.fi\/wp-content\/uploads\/2016\/03\/BIS-JUN-Blixten-Steps-of-Freedom-300x220.jpg 300w, https:\/\/skotlanninhirvikoirat.fi\/wp-content\/uploads\/2016\/03\/BIS-JUN-Blixten-Steps-of-Freedom-768x563.jpg 768w\" sizes=\"auto, (max-width: 500px) 100vw, 500px\" \/><figcaption id=\"caption-attachment-2814\" class=\"wp-caption-text\">BIS-juniori Blixten Steps of Freedom (vas.)<\/figcaption><\/figure>\n<figure id=\"attachment_2815\" aria-describedby=\"caption-attachment-2815\" style=\"width: 500px\" class=\"wp-caption alignnone\"><img loading=\"lazy\" decoding=\"async\" class=\"wp-image-2815\" src=\"http:\/\/skotlanninhirvikoirat.fi\/wp-content\/uploads\/2016\/03\/BIS-NUO-Sandmanscots-Caoilfhionn-1024x765.jpg\" alt=\"BIS-NUO Sandmanscot's Caoilfhionn\" width=\"500\" height=\"374\" srcset=\"https:\/\/skotlanninhirvikoirat.fi\/wp-content\/uploads\/2016\/03\/BIS-NUO-Sandmanscots-Caoilfhionn-1024x765.jpg 1024w, https:\/\/skotlanninhirvikoirat.fi\/wp-content\/uploads\/2016\/03\/BIS-NUO-Sandmanscots-Caoilfhionn-1536x1148.jpg 1536w, https:\/\/skotlanninhirvikoirat.fi\/wp-content\/uploads\/2016\/03\/BIS-NUO-Sandmanscots-Caoilfhionn-2048x1530.jpg 2048w, https:\/\/skotlanninhirvikoirat.fi\/wp-content\/uploads\/2016\/03\/BIS-NUO-Sandmanscots-Caoilfhionn-361x270.jpg 361w, https:\/\/skotlanninhirvikoirat.fi\/wp-content\/uploads\/2016\/03\/BIS-NUO-Sandmanscots-Caoilfhionn-300x224.jpg 300w, https:\/\/skotlanninhirvikoirat.fi\/wp-content\/uploads\/2016\/03\/BIS-NUO-Sandmanscots-Caoilfhionn-768x574.jpg 768w\" sizes=\"auto, (max-width: 500px) 100vw, 500px\" \/><figcaption id=\"caption-attachment-2815\" class=\"wp-caption-text\">BIS-nuori Sandmanscot\u2019s Caoilfhionn<\/figcaption><\/figure>\n<figure id=\"attachment_2816\" aria-describedby=\"caption-attachment-2816\" style=\"width: 500px\" class=\"wp-caption alignnone\"><img loading=\"lazy\" decoding=\"async\" class=\"wp-image-2816\" src=\"http:\/\/skotlanninhirvikoirat.fi\/wp-content\/uploads\/2016\/03\/BIS-VET-1024x683.jpg\" alt=\"BIS-VET\" width=\"500\" height=\"333\" srcset=\"https:\/\/skotlanninhirvikoirat.fi\/wp-content\/uploads\/2016\/03\/BIS-VET-1024x683.jpg 1024w, https:\/\/skotlanninhirvikoirat.fi\/wp-content\/uploads\/2016\/03\/BIS-VET-1536x1024.jpg 1536w, https:\/\/skotlanninhirvikoirat.fi\/wp-content\/uploads\/2016\/03\/BIS-VET-2048x1365.jpg 2048w, https:\/\/skotlanninhirvikoirat.fi\/wp-content\/uploads\/2016\/03\/BIS-VET-405x270.jpg 405w, https:\/\/skotlanninhirvikoirat.fi\/wp-content\/uploads\/2016\/03\/BIS-VET-300x200.jpg 300w, https:\/\/skotlanninhirvikoirat.fi\/wp-content\/uploads\/2016\/03\/BIS-VET-768x512.jpg 768w\" sizes=\"auto, (max-width: 500px) 100vw, 500px\" \/><figcaption id=\"caption-attachment-2816\" class=\"wp-caption-text\">BIS-veteraani Baylind Hepburn to Blixten<\/figcaption><\/figure>\n<figure id=\"attachment_2817\" aria-describedby=\"caption-attachment-2817\" style=\"width: 500px\" class=\"wp-caption alignnone\"><img loading=\"lazy\" decoding=\"async\" class=\"wp-image-2817\" src=\"http:\/\/skotlanninhirvikoirat.fi\/wp-content\/uploads\/2016\/03\/BIS-KASV-Blixten-1024x683.jpg\" alt=\"BIS-KASV Blixten\" width=\"500\" height=\"333\" srcset=\"https:\/\/skotlanninhirvikoirat.fi\/wp-content\/uploads\/2016\/03\/BIS-KASV-Blixten-1024x683.jpg 1024w, https:\/\/skotlanninhirvikoirat.fi\/wp-content\/uploads\/2016\/03\/BIS-KASV-Blixten-1536x1024.jpg 1536w, https:\/\/skotlanninhirvikoirat.fi\/wp-content\/uploads\/2016\/03\/BIS-KASV-Blixten-2048x1365.jpg 2048w, https:\/\/skotlanninhirvikoirat.fi\/wp-content\/uploads\/2016\/03\/BIS-KASV-Blixten-405x270.jpg 405w, https:\/\/skotlanninhirvikoirat.fi\/wp-content\/uploads\/2016\/03\/BIS-KASV-Blixten-300x200.jpg 300w, https:\/\/skotlanninhirvikoirat.fi\/wp-content\/uploads\/2016\/03\/BIS-KASV-Blixten-768x512.jpg 768w\" sizes=\"auto, (max-width: 500px) 100vw, 500px\" \/><figcaption id=\"caption-attachment-2817\" class=\"wp-caption-text\">BIS-kasvattaja Kennel Blixten<\/figcaption><\/figure>\n<figure id=\"attachment_2818\" aria-describedby=\"caption-attachment-2818\" style=\"width: 500px\" class=\"wp-caption alignnone\"><img loading=\"lazy\" decoding=\"async\" class=\"wp-image-2818\" src=\"http:\/\/skotlanninhirvikoirat.fi\/wp-content\/uploads\/2016\/03\/BIS-Jalostusluokka-Chic-Choix-Arwen-To-Blixten-1024x683.jpg\" alt=\"BIS-Jalostusluokka Chic Choix Arwen To Blixten\" width=\"500\" height=\"333\" srcset=\"https:\/\/skotlanninhirvikoirat.fi\/wp-content\/uploads\/2016\/03\/BIS-Jalostusluokka-Chic-Choix-Arwen-To-Blixten-1024x683.jpg 1024w, https:\/\/skotlanninhirvikoirat.fi\/wp-content\/uploads\/2016\/03\/BIS-Jalostusluokka-Chic-Choix-Arwen-To-Blixten-1536x1024.jpg 1536w, https:\/\/skotlanninhirvikoirat.fi\/wp-content\/uploads\/2016\/03\/BIS-Jalostusluokka-Chic-Choix-Arwen-To-Blixten-2048x1365.jpg 2048w, https:\/\/skotlanninhirvikoirat.fi\/wp-content\/uploads\/2016\/03\/BIS-Jalostusluokka-Chic-Choix-Arwen-To-Blixten-405x270.jpg 405w, https:\/\/skotlanninhirvikoirat.fi\/wp-content\/uploads\/2016\/03\/BIS-Jalostusluokka-Chic-Choix-Arwen-To-Blixten-300x200.jpg 300w, https:\/\/skotlanninhirvikoirat.fi\/wp-content\/uploads\/2016\/03\/BIS-Jalostusluokka-Chic-Choix-Arwen-To-Blixten-768x512.jpg 768w\" sizes=\"auto, (max-width: 500px) 100vw, 500px\" \/><figcaption id=\"caption-attachment-2818\" class=\"wp-caption-text\">BIS-jalostus Chic Choic Arwen to Blixten<\/figcaption><\/figure>\n<figure id=\"attachment_2819\" aria-describedby=\"caption-attachment-2819\" style=\"width: 400px\" class=\"wp-caption alignnone\"><img loading=\"lazy\" decoding=\"async\" class=\"wp-image-2819\" src=\"http:\/\/skotlanninhirvikoirat.fi\/wp-content\/uploads\/2016\/03\/Paras-p\u00f1\u00f1-902x1024.jpg\" alt=\"Paras p+\u00f1+\u00f1\" width=\"400\" height=\"454\" srcset=\"https:\/\/skotlanninhirvikoirat.fi\/wp-content\/uploads\/2016\/03\/Paras-p\u00f1\u00f1-902x1024.jpg 902w, https:\/\/skotlanninhirvikoirat.fi\/wp-content\/uploads\/2016\/03\/Paras-p\u00f1\u00f1-1353x1536.jpg 1353w, https:\/\/skotlanninhirvikoirat.fi\/wp-content\/uploads\/2016\/03\/Paras-p\u00f1\u00f1-1804x2048.jpg 1804w, https:\/\/skotlanninhirvikoirat.fi\/wp-content\/uploads\/2016\/03\/Paras-p\u00f1\u00f1-238x270.jpg 238w, https:\/\/skotlanninhirvikoirat.fi\/wp-content\/uploads\/2016\/03\/Paras-p\u00f1\u00f1-264x300.jpg 264w, https:\/\/skotlanninhirvikoirat.fi\/wp-content\/uploads\/2016\/03\/Paras-p\u00f1\u00f1-768x872.jpg 768w\" sizes=\"auto, (max-width: 400px) 100vw, 400px\" \/><figcaption id=\"caption-attachment-2819\" class=\"wp-caption-text\">Paras p\u00e4\u00e4 ja ilme Lawtons Copyright Costeau<\/figcaption><\/figure>\n<figure id=\"attachment_2820\" aria-describedby=\"caption-attachment-2820\" style=\"width: 400px\" class=\"wp-caption alignnone\"><img loading=\"lazy\" decoding=\"async\" class=\"wp-image-2820\" src=\"http:\/\/skotlanninhirvikoirat.fi\/wp-content\/uploads\/2016\/03\/Paras-liikkuja-1024x683.jpg\" alt=\"Paras liikkuja\" width=\"400\" height=\"267\" srcset=\"https:\/\/skotlanninhirvikoirat.fi\/wp-content\/uploads\/2016\/03\/Paras-liikkuja-1024x683.jpg 1024w, https:\/\/skotlanninhirvikoirat.fi\/wp-content\/uploads\/2016\/03\/Paras-liikkuja-1536x1024.jpg 1536w, https:\/\/skotlanninhirvikoirat.fi\/wp-content\/uploads\/2016\/03\/Paras-liikkuja-2048x1365.jpg 2048w, https:\/\/skotlanninhirvikoirat.fi\/wp-content\/uploads\/2016\/03\/Paras-liikkuja-405x270.jpg 405w, https:\/\/skotlanninhirvikoirat.fi\/wp-content\/uploads\/2016\/03\/Paras-liikkuja-300x200.jpg 300w, https:\/\/skotlanninhirvikoirat.fi\/wp-content\/uploads\/2016\/03\/Paras-liikkuja-768x512.jpg 768w\" sizes=\"auto, (max-width: 400px) 100vw, 400px\" \/><figcaption id=\"caption-attachment-2820\" class=\"wp-caption-text\">Paras liikkuja Kerslake Doreen<\/figcaption><\/figure>\n<p>Kaikki kuvat: Kikk\u00e5 K\u00e5hre<\/p>\n","protected":false},"excerpt":{"rendered":"<p>3.7.2016 Hyvink\u00e4\u00e4 (11+19, pentuja 5+5) Tuomari:&nbsp;Caroline Van Zanten-Boomgaard, kennel O\u2019cockaigne, Alankomaat &nbsp; BIS-tulokset: Kerslake Doreen BIS-1 Lawtons Copyright Costeau BIS-2 BIS-k\u00e4ytt\u00f6 Sassatown Perth BIS-3 Lawtons Cain Cavall to Kerslake BIS-4 Black Jade\u2019s Mynka to Mearcair BIS-5 Kerslake Evanna to Kilbrandon BIS-pentu Blixten Steps of Freedom BIS-juniori Sandmanscot\u2019s Caoilfhionn BIS-nuori Baylind Hepburn to Blixten BIS-veteraani &nbsp; &hellip; <\/p>\n<p class=\"link-more\"><a href=\"https:\/\/skotlanninhirvikoirat.fi\/?page_id=2516\" class=\"more-link\">Continue reading<span class=\"screen-reader-text\"> &#8221;Club Show 2016&#8221;<\/span><\/a><\/p>\n","protected":false},"author":6,"featured_media":0,"parent":3858,"menu_order":0,"comment_status":"closed","ping_status":"closed","template":"","meta":{"footnotes":""},"class_list":["post-2516","page","type-page","status-publish","hentry"],"_links":{"self":[{"href":"https:\/\/skotlanninhirvikoirat.fi\/index.php?rest_route=\/wp\/v2\/pages\/2516","targetHints":{"allow":["GET"]}}],"collection":[{"href":"https:\/\/skotlanninhirvikoirat.fi\/index.php?rest_route=\/wp\/v2\/pages"}],"about":[{"href":"https:\/\/skotlanninhirvikoirat.fi\/index.php?rest_route=\/wp\/v2\/types\/page"}],"author":[{"embeddable":true,"href":"https:\/\/skotlanninhirvikoirat.fi\/index.php?rest_route=\/wp\/v2\/users\/6"}],"replies":[{"embeddable":true,"href":"https:\/\/skotlanninhirvikoirat.fi\/index.php?rest_route=%2Fwp%2Fv2%2Fcomments&post=2516"}],"version-history":[{"count":2,"href":"https:\/\/skotlanninhirvikoirat.fi\/index.php?rest_route=\/wp\/v2\/pages\/2516\/revisions"}],"predecessor-version":[{"id":3862,"href":"https:\/\/skotlanninhirvikoirat.fi\/index.php?rest_route=\/wp\/v2\/pages\/2516\/revisions\/3862"}],"up":[{"embeddable":true,"href":"https:\/\/skotlanninhirvikoirat.fi\/index.php?rest_route=\/wp\/v2\/pages\/3858"}],"wp:attachment":[{"href":"https:\/\/skotlanninhirvikoirat.fi\/index.php?rest_route=%2Fwp%2Fv2%2Fmedia&parent=2516"}],"curies":[{"name":"wp","href":"https:\/\/api.w.org\/{rel}","templated":true}]}}