{"id":3734,"date":"2019-03-17T14:03:27","date_gmt":"2019-03-17T12:03:27","guid":{"rendered":"http:\/\/skotlanninhirvikoirat.fi\/?page_id=3734"},"modified":"2019-07-30T11:35:59","modified_gmt":"2019-07-30T08:35:59","slug":"club-show-2018","status":"publish","type":"page","link":"https:\/\/skotlanninhirvikoirat.fi\/?page_id=3734","title":{"rendered":"Club Show 2018"},"content":{"rendered":"\n<p>Club Show 2018 j\u00e4rjestettiin aurinkoisessa s\u00e4\u00e4ss\u00e4 Kampin vinttikoiraradalla, Tampereella.<\/p>\n\n\n\n<p>Tuomarina toimi Liv Vogt-Johansen, kennel Troon, Norja<\/p>\n\n\n\n<figure class=\"wp-block-image\"><img loading=\"lazy\" decoding=\"async\" width=\"1024\" height=\"683\" src=\"http:\/\/skotlanninhirvikoirat.fi\/wp-content\/uploads\/2019\/03\/BIS-ja-VSP-1024x683.jpg\" alt=\"\" class=\"wp-image-3735\" srcset=\"https:\/\/skotlanninhirvikoirat.fi\/wp-content\/uploads\/2019\/03\/BIS-ja-VSP-1024x683.jpg 1024w, https:\/\/skotlanninhirvikoirat.fi\/wp-content\/uploads\/2019\/03\/BIS-ja-VSP-1536x1024.jpg 1536w, https:\/\/skotlanninhirvikoirat.fi\/wp-content\/uploads\/2019\/03\/BIS-ja-VSP-2048x1365.jpg 2048w, https:\/\/skotlanninhirvikoirat.fi\/wp-content\/uploads\/2019\/03\/BIS-ja-VSP-405x270.jpg 405w, https:\/\/skotlanninhirvikoirat.fi\/wp-content\/uploads\/2019\/03\/BIS-ja-VSP-300x200.jpg 300w, https:\/\/skotlanninhirvikoirat.fi\/wp-content\/uploads\/2019\/03\/BIS-ja-VSP-768x512.jpg 768w\" sizes=\"auto, (max-width: 767px) 89vw, (max-width: 1000px) 54vw, (max-width: 1071px) 543px, 580px\" \/><figcaption>BIS ja VSP<\/figcaption><\/figure>\n\n\n\n<figure class=\"wp-block-image\"><img loading=\"lazy\" decoding=\"async\" width=\"1024\" height=\"683\" src=\"http:\/\/skotlanninhirvikoirat.fi\/wp-content\/uploads\/2019\/03\/Paras-Junnu-1024x683.jpg\" alt=\"\" class=\"wp-image-3736\" srcset=\"https:\/\/skotlanninhirvikoirat.fi\/wp-content\/uploads\/2019\/03\/Paras-Junnu-1024x683.jpg 1024w, https:\/\/skotlanninhirvikoirat.fi\/wp-content\/uploads\/2019\/03\/Paras-Junnu-1536x1024.jpg 1536w, https:\/\/skotlanninhirvikoirat.fi\/wp-content\/uploads\/2019\/03\/Paras-Junnu-2048x1365.jpg 2048w, https:\/\/skotlanninhirvikoirat.fi\/wp-content\/uploads\/2019\/03\/Paras-Junnu-405x270.jpg 405w, https:\/\/skotlanninhirvikoirat.fi\/wp-content\/uploads\/2019\/03\/Paras-Junnu-300x200.jpg 300w, https:\/\/skotlanninhirvikoirat.fi\/wp-content\/uploads\/2019\/03\/Paras-Junnu-768x512.jpg 768w\" sizes=\"auto, (max-width: 767px) 89vw, (max-width: 1000px) 54vw, (max-width: 1071px) 543px, 580px\" \/><figcaption>Paras junnu-uros<\/figcaption><\/figure>\n\n\n\n<figure class=\"wp-block-image\"><img loading=\"lazy\" decoding=\"async\" width=\"1024\" height=\"683\" src=\"http:\/\/skotlanninhirvikoirat.fi\/wp-content\/uploads\/2019\/03\/Junnunarttujen-voittaja-2-1024x683.jpg\" alt=\"\" class=\"wp-image-3740\" srcset=\"https:\/\/skotlanninhirvikoirat.fi\/wp-content\/uploads\/2019\/03\/Junnunarttujen-voittaja-2-1024x683.jpg 1024w, https:\/\/skotlanninhirvikoirat.fi\/wp-content\/uploads\/2019\/03\/Junnunarttujen-voittaja-2-1536x1024.jpg 1536w, https:\/\/skotlanninhirvikoirat.fi\/wp-content\/uploads\/2019\/03\/Junnunarttujen-voittaja-2-2048x1365.jpg 2048w, https:\/\/skotlanninhirvikoirat.fi\/wp-content\/uploads\/2019\/03\/Junnunarttujen-voittaja-2-405x270.jpg 405w, https:\/\/skotlanninhirvikoirat.fi\/wp-content\/uploads\/2019\/03\/Junnunarttujen-voittaja-2-300x200.jpg 300w, https:\/\/skotlanninhirvikoirat.fi\/wp-content\/uploads\/2019\/03\/Junnunarttujen-voittaja-2-768x512.jpg 768w\" sizes=\"auto, (max-width: 767px) 89vw, (max-width: 1000px) 54vw, (max-width: 1071px) 543px, 580px\" \/><figcaption>Paras junnu-narttu<\/figcaption><\/figure>\n\n\n\n<figure class=\"wp-block-image\"><img loading=\"lazy\" decoding=\"async\" width=\"1024\" height=\"683\" src=\"http:\/\/skotlanninhirvikoirat.fi\/wp-content\/uploads\/2019\/03\/Paras-nuori-1-1024x683.jpg\" alt=\"\" class=\"wp-image-3746\" srcset=\"https:\/\/skotlanninhirvikoirat.fi\/wp-content\/uploads\/2019\/03\/Paras-nuori-1-1024x683.jpg 1024w, https:\/\/skotlanninhirvikoirat.fi\/wp-content\/uploads\/2019\/03\/Paras-nuori-1-1536x1024.jpg 1536w, https:\/\/skotlanninhirvikoirat.fi\/wp-content\/uploads\/2019\/03\/Paras-nuori-1-2048x1365.jpg 2048w, https:\/\/skotlanninhirvikoirat.fi\/wp-content\/uploads\/2019\/03\/Paras-nuori-1-405x270.jpg 405w, https:\/\/skotlanninhirvikoirat.fi\/wp-content\/uploads\/2019\/03\/Paras-nuori-1-300x200.jpg 300w, https:\/\/skotlanninhirvikoirat.fi\/wp-content\/uploads\/2019\/03\/Paras-nuori-1-768x512.jpg 768w\" sizes=\"auto, (max-width: 767px) 89vw, (max-width: 1000px) 54vw, (max-width: 1071px) 543px, 580px\" \/><figcaption>Paras nuori<\/figcaption><\/figure>\n\n\n\n<figure class=\"wp-block-image\"><img loading=\"lazy\" decoding=\"async\" width=\"1024\" height=\"683\" src=\"http:\/\/skotlanninhirvikoirat.fi\/wp-content\/uploads\/2019\/03\/PU-1-erkkari-2018-1024x683.jpg\" alt=\"\" class=\"wp-image-3741\" srcset=\"https:\/\/skotlanninhirvikoirat.fi\/wp-content\/uploads\/2019\/03\/PU-1-erkkari-2018-1024x683.jpg 1024w, https:\/\/skotlanninhirvikoirat.fi\/wp-content\/uploads\/2019\/03\/PU-1-erkkari-2018-1536x1024.jpg 1536w, https:\/\/skotlanninhirvikoirat.fi\/wp-content\/uploads\/2019\/03\/PU-1-erkkari-2018-2048x1365.jpg 2048w, https:\/\/skotlanninhirvikoirat.fi\/wp-content\/uploads\/2019\/03\/PU-1-erkkari-2018-405x270.jpg 405w, https:\/\/skotlanninhirvikoirat.fi\/wp-content\/uploads\/2019\/03\/PU-1-erkkari-2018-300x200.jpg 300w, https:\/\/skotlanninhirvikoirat.fi\/wp-content\/uploads\/2019\/03\/PU-1-erkkari-2018-768x512.jpg 768w\" sizes=\"auto, (max-width: 767px) 89vw, (max-width: 1000px) 54vw, (max-width: 1071px) 543px, 580px\" \/><figcaption>Paras uros<\/figcaption><\/figure>\n\n\n\n<figure class=\"wp-block-image\"><img loading=\"lazy\" decoding=\"async\" width=\"1024\" height=\"683\" src=\"http:\/\/skotlanninhirvikoirat.fi\/wp-content\/uploads\/2019\/03\/PN-1-4-erkkari-2018-1024x683.jpg\" alt=\"\" class=\"wp-image-3742\" srcset=\"https:\/\/skotlanninhirvikoirat.fi\/wp-content\/uploads\/2019\/03\/PN-1-4-erkkari-2018-1024x683.jpg 1024w, https:\/\/skotlanninhirvikoirat.fi\/wp-content\/uploads\/2019\/03\/PN-1-4-erkkari-2018-1536x1024.jpg 1536w, https:\/\/skotlanninhirvikoirat.fi\/wp-content\/uploads\/2019\/03\/PN-1-4-erkkari-2018-2048x1365.jpg 2048w, https:\/\/skotlanninhirvikoirat.fi\/wp-content\/uploads\/2019\/03\/PN-1-4-erkkari-2018-405x270.jpg 405w, https:\/\/skotlanninhirvikoirat.fi\/wp-content\/uploads\/2019\/03\/PN-1-4-erkkari-2018-300x200.jpg 300w, https:\/\/skotlanninhirvikoirat.fi\/wp-content\/uploads\/2019\/03\/PN-1-4-erkkari-2018-768x512.jpg 768w\" sizes=\"auto, (max-width: 767px) 89vw, (max-width: 1000px) 54vw, (max-width: 1071px) 543px, 580px\" \/><figcaption>Paras narttu 1-4<\/figcaption><\/figure>\n\n\n\n<figure class=\"wp-block-image\"><img loading=\"lazy\" decoding=\"async\" width=\"1024\" height=\"683\" src=\"http:\/\/skotlanninhirvikoirat.fi\/wp-content\/uploads\/2019\/03\/ROP-ja-VSP-Avo-1-1024x683.jpg\" alt=\"\" class=\"wp-image-3748\" srcset=\"https:\/\/skotlanninhirvikoirat.fi\/wp-content\/uploads\/2019\/03\/ROP-ja-VSP-Avo-1-1024x683.jpg 1024w, https:\/\/skotlanninhirvikoirat.fi\/wp-content\/uploads\/2019\/03\/ROP-ja-VSP-Avo-1-1536x1024.jpg 1536w, https:\/\/skotlanninhirvikoirat.fi\/wp-content\/uploads\/2019\/03\/ROP-ja-VSP-Avo-1-2048x1365.jpg 2048w, https:\/\/skotlanninhirvikoirat.fi\/wp-content\/uploads\/2019\/03\/ROP-ja-VSP-Avo-1-405x270.jpg 405w, https:\/\/skotlanninhirvikoirat.fi\/wp-content\/uploads\/2019\/03\/ROP-ja-VSP-Avo-1-300x200.jpg 300w, https:\/\/skotlanninhirvikoirat.fi\/wp-content\/uploads\/2019\/03\/ROP-ja-VSP-Avo-1-768x512.jpg 768w\" sizes=\"auto, (max-width: 767px) 89vw, (max-width: 1000px) 54vw, (max-width: 1071px) 543px, 580px\" \/><figcaption>Avoimen luokan ROP ja VSP<\/figcaption><\/figure>\n\n\n\n<figure class=\"wp-block-image\"><img loading=\"lazy\" decoding=\"async\" width=\"1024\" height=\"683\" src=\"http:\/\/skotlanninhirvikoirat.fi\/wp-content\/uploads\/2019\/03\/ROP-vet-1024x683.jpg\" alt=\"\" class=\"wp-image-3749\" srcset=\"https:\/\/skotlanninhirvikoirat.fi\/wp-content\/uploads\/2019\/03\/ROP-vet-1024x683.jpg 1024w, https:\/\/skotlanninhirvikoirat.fi\/wp-content\/uploads\/2019\/03\/ROP-vet-1536x1024.jpg 1536w, https:\/\/skotlanninhirvikoirat.fi\/wp-content\/uploads\/2019\/03\/ROP-vet-2048x1365.jpg 2048w, https:\/\/skotlanninhirvikoirat.fi\/wp-content\/uploads\/2019\/03\/ROP-vet-405x270.jpg 405w, https:\/\/skotlanninhirvikoirat.fi\/wp-content\/uploads\/2019\/03\/ROP-vet-300x200.jpg 300w, https:\/\/skotlanninhirvikoirat.fi\/wp-content\/uploads\/2019\/03\/ROP-vet-768x512.jpg 768w\" sizes=\"auto, (max-width: 767px) 89vw, (max-width: 1000px) 54vw, (max-width: 1071px) 543px, 580px\" \/><figcaption>Veteraanien ROP ja VSP<\/figcaption><\/figure>\n\n\n\n<figure class=\"wp-block-image\"><img loading=\"lazy\" decoding=\"async\" width=\"1024\" height=\"683\" src=\"http:\/\/skotlanninhirvikoirat.fi\/wp-content\/uploads\/2019\/03\/paras-Liikkuja-1024x683.jpg\" alt=\"\" class=\"wp-image-3744\" srcset=\"https:\/\/skotlanninhirvikoirat.fi\/wp-content\/uploads\/2019\/03\/paras-Liikkuja-1024x683.jpg 1024w, https:\/\/skotlanninhirvikoirat.fi\/wp-content\/uploads\/2019\/03\/paras-Liikkuja-1536x1024.jpg 1536w, https:\/\/skotlanninhirvikoirat.fi\/wp-content\/uploads\/2019\/03\/paras-Liikkuja-2048x1365.jpg 2048w, https:\/\/skotlanninhirvikoirat.fi\/wp-content\/uploads\/2019\/03\/paras-Liikkuja-405x270.jpg 405w, https:\/\/skotlanninhirvikoirat.fi\/wp-content\/uploads\/2019\/03\/paras-Liikkuja-300x200.jpg 300w, https:\/\/skotlanninhirvikoirat.fi\/wp-content\/uploads\/2019\/03\/paras-Liikkuja-768x512.jpg 768w\" sizes=\"auto, (max-width: 767px) 89vw, (max-width: 1000px) 54vw, (max-width: 1071px) 543px, 580px\" \/><figcaption>Paras liikkuja<\/figcaption><\/figure>\n\n\n\n<figure class=\"wp-block-image\"><img loading=\"lazy\" decoding=\"async\" width=\"1024\" height=\"683\" src=\"http:\/\/skotlanninhirvikoirat.fi\/wp-content\/uploads\/2019\/03\/paras-kasvis-1024x683.jpg\" alt=\"\" class=\"wp-image-3747\" srcset=\"https:\/\/skotlanninhirvikoirat.fi\/wp-content\/uploads\/2019\/03\/paras-kasvis-1024x683.jpg 1024w, https:\/\/skotlanninhirvikoirat.fi\/wp-content\/uploads\/2019\/03\/paras-kasvis-1536x1024.jpg 1536w, https:\/\/skotlanninhirvikoirat.fi\/wp-content\/uploads\/2019\/03\/paras-kasvis-2048x1365.jpg 2048w, https:\/\/skotlanninhirvikoirat.fi\/wp-content\/uploads\/2019\/03\/paras-kasvis-405x270.jpg 405w, https:\/\/skotlanninhirvikoirat.fi\/wp-content\/uploads\/2019\/03\/paras-kasvis-300x200.jpg 300w, https:\/\/skotlanninhirvikoirat.fi\/wp-content\/uploads\/2019\/03\/paras-kasvis-768x512.jpg 768w\" sizes=\"auto, (max-width: 767px) 89vw, (max-width: 1000px) 54vw, (max-width: 1071px) 543px, 580px\" \/><figcaption>Kasvattajaluokan voittaja oli kennel Blixten<\/figcaption><\/figure>\n\n\n\n<figure class=\"wp-block-image\"><img loading=\"lazy\" decoding=\"async\" width=\"1024\" height=\"683\" src=\"http:\/\/skotlanninhirvikoirat.fi\/wp-content\/uploads\/2019\/03\/Paras-Pari-1024x683.jpg\" alt=\"\" class=\"wp-image-3750\" srcset=\"https:\/\/skotlanninhirvikoirat.fi\/wp-content\/uploads\/2019\/03\/Paras-Pari-1024x683.jpg 1024w, https:\/\/skotlanninhirvikoirat.fi\/wp-content\/uploads\/2019\/03\/Paras-Pari-1536x1024.jpg 1536w, https:\/\/skotlanninhirvikoirat.fi\/wp-content\/uploads\/2019\/03\/Paras-Pari-2048x1365.jpg 2048w, https:\/\/skotlanninhirvikoirat.fi\/wp-content\/uploads\/2019\/03\/Paras-Pari-405x270.jpg 405w, https:\/\/skotlanninhirvikoirat.fi\/wp-content\/uploads\/2019\/03\/Paras-Pari-300x200.jpg 300w, https:\/\/skotlanninhirvikoirat.fi\/wp-content\/uploads\/2019\/03\/Paras-Pari-768x512.jpg 768w\" sizes=\"auto, (max-width: 767px) 89vw, (max-width: 1000px) 54vw, (max-width: 1071px) 543px, 580px\" \/><figcaption>Paras pari<\/figcaption><\/figure>\n","protected":false},"excerpt":{"rendered":"<p>Club Show 2018 j\u00e4rjestettiin aurinkoisessa s\u00e4\u00e4ss\u00e4 Kampin vinttikoiraradalla, Tampereella. Tuomarina toimi Liv Vogt-Johansen, kennel Troon, Norja<\/p>\n","protected":false},"author":6,"featured_media":0,"parent":3858,"menu_order":0,"comment_status":"closed","ping_status":"closed","template":"","meta":{"footnotes":""},"class_list":["post-3734","page","type-page","status-publish","hentry"],"_links":{"self":[{"href":"https:\/\/skotlanninhirvikoirat.fi\/index.php?rest_route=\/wp\/v2\/pages\/3734","targetHints":{"allow":["GET"]}}],"collection":[{"href":"https:\/\/skotlanninhirvikoirat.fi\/index.php?rest_route=\/wp\/v2\/pages"}],"about":[{"href":"https:\/\/skotlanninhirvikoirat.fi\/index.php?rest_route=\/wp\/v2\/types\/page"}],"author":[{"embeddable":true,"href":"https:\/\/skotlanninhirvikoirat.fi\/index.php?rest_route=\/wp\/v2\/users\/6"}],"replies":[{"embeddable":true,"href":"https:\/\/skotlanninhirvikoirat.fi\/index.php?rest_route=%2Fwp%2Fv2%2Fcomments&post=3734"}],"version-history":[{"count":2,"href":"https:\/\/skotlanninhirvikoirat.fi\/index.php?rest_route=\/wp\/v2\/pages\/3734\/revisions"}],"predecessor-version":[{"id":3751,"href":"https:\/\/skotlanninhirvikoirat.fi\/index.php?rest_route=\/wp\/v2\/pages\/3734\/revisions\/3751"}],"up":[{"embeddable":true,"href":"https:\/\/skotlanninhirvikoirat.fi\/index.php?rest_route=\/wp\/v2\/pages\/3858"}],"wp:attachment":[{"href":"https:\/\/skotlanninhirvikoirat.fi\/index.php?rest_route=%2Fwp%2Fv2%2Fmedia&parent=3734"}],"curies":[{"name":"wp","href":"https:\/\/api.w.org\/{rel}","templated":true}]}}