{"id":4602,"date":"2024-07-04T18:09:29","date_gmt":"2024-07-04T15:09:29","guid":{"rendered":"https:\/\/skotlanninhirvikoirat.fi\/?page_id=4602"},"modified":"2024-07-04T18:09:29","modified_gmt":"2024-07-04T15:09:29","slug":"kerhokauppa","status":"publish","type":"page","link":"https:\/\/skotlanninhirvikoirat.fi\/?page_id=4602","title":{"rendered":"Kerhokauppa"},"content":{"rendered":"\n<p>Kerhon tuotteita on mahdollisuus ostaa kerhon tapahtumissa tai rahastonhoitajan kautta postitse. Postittaessa hintaan lis\u00e4t\u00e4\u00e4n postitus- ja pakkauskulut.<\/p>\n\n\n\n<p>Tilaukset osoitteeseen: rahastonhoitaja(at)skotlanninhirvikoirat.fi. Tilaukseen tuotetiedot, toimitusosoite sek\u00e4 tilaajan nimi ja puhelinnumero pakettiseurantaa varten.\u00a0<\/p>\n\n\n\n<p>Tuote ja toimituskulut ja pakkausmateriaalikulut maksetaan tilille: FI5445107720014257 ja viitenumerona k\u00e4ytet\u00e4\u00e4n 23016. Maksun saaja SHKK ry ja viestiin tilattavat tuotteet ja tilaajan nimi jos se on eri kuin maksaja.<\/p>\n\n\n\n<figure class=\"wp-block-gallery has-nested-images columns-default is-cropped wp-block-gallery-1 is-layout-flex wp-block-gallery-is-layout-flex\">\n<figure class=\"wp-block-image size-large\"><img loading=\"lazy\" decoding=\"async\" width=\"620\" height=\"1024\" data-id=\"4364\" src=\"https:\/\/skotlanninhirvikoirat.fi\/wp-content\/uploads\/2024\/01\/IMG-20240116-WA0011-620x1024.jpg\" alt=\"\" class=\"wp-image-4364\" srcset=\"https:\/\/skotlanninhirvikoirat.fi\/wp-content\/uploads\/2024\/01\/IMG-20240116-WA0011-620x1024.jpg 620w, https:\/\/skotlanninhirvikoirat.fi\/wp-content\/uploads\/2024\/01\/IMG-20240116-WA0011-182x300.jpg 182w, https:\/\/skotlanninhirvikoirat.fi\/wp-content\/uploads\/2024\/01\/IMG-20240116-WA0011-163x270.jpg 163w, https:\/\/skotlanninhirvikoirat.fi\/wp-content\/uploads\/2024\/01\/IMG-20240116-WA0011.jpg 674w\" sizes=\"auto, (max-width: 620px) 100vw, 620px\" \/><figcaption class=\"wp-element-caption\">Lyhdyt 10-15-20\u20ac riippuen koosta<\/figcaption><\/figure>\n\n\n\n<figure class=\"wp-block-image size-large\"><img loading=\"lazy\" decoding=\"async\" width=\"621\" height=\"1024\" data-id=\"4363\" src=\"https:\/\/skotlanninhirvikoirat.fi\/wp-content\/uploads\/2024\/01\/IMG-20240116-WA0010-621x1024.jpg\" alt=\"\" class=\"wp-image-4363\" srcset=\"https:\/\/skotlanninhirvikoirat.fi\/wp-content\/uploads\/2024\/01\/IMG-20240116-WA0010-621x1024.jpg 621w, https:\/\/skotlanninhirvikoirat.fi\/wp-content\/uploads\/2024\/01\/IMG-20240116-WA0010-182x300.jpg 182w, https:\/\/skotlanninhirvikoirat.fi\/wp-content\/uploads\/2024\/01\/IMG-20240116-WA0010-164x270.jpg 164w, https:\/\/skotlanninhirvikoirat.fi\/wp-content\/uploads\/2024\/01\/IMG-20240116-WA0010.jpg 669w\" sizes=\"auto, (max-width: 621px) 100vw, 621px\" \/><figcaption class=\"wp-element-caption\">Lyhdyt 10-15-20\u20ac riippuen koosta<\/figcaption><\/figure>\n\n\n\n<figure class=\"wp-block-image size-large\"><img loading=\"lazy\" decoding=\"async\" width=\"553\" height=\"1024\" data-id=\"4362\" src=\"https:\/\/skotlanninhirvikoirat.fi\/wp-content\/uploads\/2024\/01\/IMG-20240116-WA0009-553x1024.jpg\" alt=\"\" class=\"wp-image-4362\" srcset=\"https:\/\/skotlanninhirvikoirat.fi\/wp-content\/uploads\/2024\/01\/IMG-20240116-WA0009-553x1024.jpg 553w, https:\/\/skotlanninhirvikoirat.fi\/wp-content\/uploads\/2024\/01\/IMG-20240116-WA0009-162x300.jpg 162w, https:\/\/skotlanninhirvikoirat.fi\/wp-content\/uploads\/2024\/01\/IMG-20240116-WA0009-146x270.jpg 146w, https:\/\/skotlanninhirvikoirat.fi\/wp-content\/uploads\/2024\/01\/IMG-20240116-WA0009.jpg 720w\" sizes=\"auto, (max-width: 553px) 100vw, 553px\" \/><figcaption class=\"wp-element-caption\">Lyhdyt 10-15-20\u20ac riippuen koosta<\/figcaption><\/figure>\n\n\n\n<figure class=\"wp-block-image size-large\"><img loading=\"lazy\" decoding=\"async\" width=\"1024\" height=\"556\" data-id=\"4361\" src=\"https:\/\/skotlanninhirvikoirat.fi\/wp-content\/uploads\/2024\/01\/IMG-20240116-WA0008-1024x556.jpg\" alt=\"\" class=\"wp-image-4361\" srcset=\"https:\/\/skotlanninhirvikoirat.fi\/wp-content\/uploads\/2024\/01\/IMG-20240116-WA0008-1024x556.jpg 1024w, https:\/\/skotlanninhirvikoirat.fi\/wp-content\/uploads\/2024\/01\/IMG-20240116-WA0008-300x163.jpg 300w, https:\/\/skotlanninhirvikoirat.fi\/wp-content\/uploads\/2024\/01\/IMG-20240116-WA0008-768x417.jpg 768w, https:\/\/skotlanninhirvikoirat.fi\/wp-content\/uploads\/2024\/01\/IMG-20240116-WA0008-498x270.jpg 498w, https:\/\/skotlanninhirvikoirat.fi\/wp-content\/uploads\/2024\/01\/IMG-20240116-WA0008.jpg 1432w\" sizes=\"auto, (max-width: 767px) 89vw, (max-width: 1000px) 54vw, (max-width: 1071px) 543px, 580px\" \/><figcaption class=\"wp-element-caption\">Muistikirja (musta tai harmaa) 6\u20ac, Pannunalusta 6\u20ac, Mukinalusta 4\u20ac, Namipussi 16\u20ac<\/figcaption><\/figure>\n\n\n\n<figure class=\"wp-block-image size-large\"><img loading=\"lazy\" decoding=\"async\" width=\"1017\" height=\"777\" data-id=\"4359\" src=\"https:\/\/skotlanninhirvikoirat.fi\/wp-content\/uploads\/2024\/01\/IMG-20240116-WA0006.jpg\" alt=\"\" class=\"wp-image-4359\" srcset=\"https:\/\/skotlanninhirvikoirat.fi\/wp-content\/uploads\/2024\/01\/IMG-20240116-WA0006.jpg 1017w, https:\/\/skotlanninhirvikoirat.fi\/wp-content\/uploads\/2024\/01\/IMG-20240116-WA0006-300x229.jpg 300w, https:\/\/skotlanninhirvikoirat.fi\/wp-content\/uploads\/2024\/01\/IMG-20240116-WA0006-768x587.jpg 768w, https:\/\/skotlanninhirvikoirat.fi\/wp-content\/uploads\/2024\/01\/IMG-20240116-WA0006-353x270.jpg 353w\" sizes=\"auto, (max-width: 767px) 89vw, (max-width: 1000px) 54vw, (max-width: 1071px) 543px, 580px\" \/><figcaption class=\"wp-element-caption\">Huopashopper 25\u20ac<\/figcaption><\/figure>\n\n\n\n<figure class=\"wp-block-image size-large\"><img loading=\"lazy\" decoding=\"async\" width=\"1014\" height=\"777\" data-id=\"4360\" src=\"https:\/\/skotlanninhirvikoirat.fi\/wp-content\/uploads\/2024\/01\/IMG-20240116-WA0007.jpg\" alt=\"\" class=\"wp-image-4360\" srcset=\"https:\/\/skotlanninhirvikoirat.fi\/wp-content\/uploads\/2024\/01\/IMG-20240116-WA0007.jpg 1014w, https:\/\/skotlanninhirvikoirat.fi\/wp-content\/uploads\/2024\/01\/IMG-20240116-WA0007-300x230.jpg 300w, https:\/\/skotlanninhirvikoirat.fi\/wp-content\/uploads\/2024\/01\/IMG-20240116-WA0007-768x588.jpg 768w, https:\/\/skotlanninhirvikoirat.fi\/wp-content\/uploads\/2024\/01\/IMG-20240116-WA0007-352x270.jpg 352w\" sizes=\"auto, (max-width: 767px) 89vw, (max-width: 1000px) 54vw, (max-width: 1071px) 543px, 580px\" \/><figcaption class=\"wp-element-caption\">Pipo (eri v\u00e4rej\u00e4), tuubihuivi tai k\u00e4\u00e4nt\u00f6huivi 10\u20ac\/kpl, Metallinen avaimenper\u00e4 5\u20ac<\/figcaption><\/figure>\n\n\n\n<figure class=\"wp-block-image size-large\"><img loading=\"lazy\" decoding=\"async\" width=\"712\" height=\"1024\" data-id=\"4356\" src=\"https:\/\/skotlanninhirvikoirat.fi\/wp-content\/uploads\/2024\/01\/IMG-20240116-WA0002-712x1024.jpg\" alt=\"\" class=\"wp-image-4356\" srcset=\"https:\/\/skotlanninhirvikoirat.fi\/wp-content\/uploads\/2024\/01\/IMG-20240116-WA0002-712x1024.jpg 712w, https:\/\/skotlanninhirvikoirat.fi\/wp-content\/uploads\/2024\/01\/IMG-20240116-WA0002-209x300.jpg 209w, https:\/\/skotlanninhirvikoirat.fi\/wp-content\/uploads\/2024\/01\/IMG-20240116-WA0002-768x1104.jpg 768w, https:\/\/skotlanninhirvikoirat.fi\/wp-content\/uploads\/2024\/01\/IMG-20240116-WA0002-188x270.jpg 188w, https:\/\/skotlanninhirvikoirat.fi\/wp-content\/uploads\/2024\/01\/IMG-20240116-WA0002.jpg 777w\" sizes=\"auto, (max-width: 712px) 100vw, 712px\" \/><figcaption class=\"wp-element-caption\">Painokuva 25\u20ac (Capitana Art:n piirt\u00e4m\u00e4 kuva kerholle, koko A3, numeroidut), Kortti 1\u20ac, Vanerinen avaimenper\u00e4 4\u20ac, Tarra 2\u20ac, Parkkikiekko 5\u20ac<\/figcaption><\/figure>\n\n\n\n<figure class=\"wp-block-image size-large\"><img loading=\"lazy\" decoding=\"async\" width=\"1024\" height=\"818\" data-id=\"4390\" src=\"https:\/\/skotlanninhirvikoirat.fi\/wp-content\/uploads\/2024\/02\/FB_IMG_1709228061034-1024x818.jpg\" alt=\"\" class=\"wp-image-4390\" srcset=\"https:\/\/skotlanninhirvikoirat.fi\/wp-content\/uploads\/2024\/02\/FB_IMG_1709228061034-1024x818.jpg 1024w, https:\/\/skotlanninhirvikoirat.fi\/wp-content\/uploads\/2024\/02\/FB_IMG_1709228061034-300x240.jpg 300w, https:\/\/skotlanninhirvikoirat.fi\/wp-content\/uploads\/2024\/02\/FB_IMG_1709228061034-768x614.jpg 768w, https:\/\/skotlanninhirvikoirat.fi\/wp-content\/uploads\/2024\/02\/FB_IMG_1709228061034-338x270.jpg 338w, https:\/\/skotlanninhirvikoirat.fi\/wp-content\/uploads\/2024\/02\/FB_IMG_1709228061034.jpg 1080w\" sizes=\"auto, (max-width: 767px) 89vw, (max-width: 1000px) 54vw, (max-width: 1071px) 543px, 580px\" \/><figcaption class=\"wp-element-caption\">Tarra 2\u20ac<\/figcaption><\/figure>\n\n\n\n<figure class=\"wp-block-image size-large\"><img loading=\"lazy\" decoding=\"async\" width=\"737\" height=\"1024\" data-id=\"4005\" src=\"https:\/\/skotlanninhirvikoirat.fi\/wp-content\/uploads\/2021\/04\/FB_IMG_1592900906407-737x1024.jpg\" alt=\"Kangaskassi\" class=\"wp-image-4005\" srcset=\"https:\/\/skotlanninhirvikoirat.fi\/wp-content\/uploads\/2021\/04\/FB_IMG_1592900906407-737x1024.jpg 737w, https:\/\/skotlanninhirvikoirat.fi\/wp-content\/uploads\/2021\/04\/FB_IMG_1592900906407-216x300.jpg 216w, https:\/\/skotlanninhirvikoirat.fi\/wp-content\/uploads\/2021\/04\/FB_IMG_1592900906407-768x1067.jpg 768w, https:\/\/skotlanninhirvikoirat.fi\/wp-content\/uploads\/2021\/04\/FB_IMG_1592900906407-194x270.jpg 194w, https:\/\/skotlanninhirvikoirat.fi\/wp-content\/uploads\/2021\/04\/FB_IMG_1592900906407.jpg 1069w\" sizes=\"auto, (max-width: 737px) 100vw, 737px\" \/><figcaption class=\"wp-element-caption\">Kangaskassi 2\u20ac<\/figcaption><\/figure>\n<\/figure>\n","protected":false},"excerpt":{"rendered":"<p>Kerhon tuotteita on mahdollisuus ostaa kerhon tapahtumissa tai rahastonhoitajan kautta postitse. Postittaessa hintaan lis\u00e4t\u00e4\u00e4n postitus- ja pakkauskulut. Tilaukset osoitteeseen: rahastonhoitaja(at)skotlanninhirvikoirat.fi. Tilaukseen tuotetiedot, toimitusosoite sek\u00e4 tilaajan nimi ja puhelinnumero pakettiseurantaa varten.\u00a0 Tuote ja toimituskulut ja pakkausmateriaalikulut maksetaan tilille: FI5445107720014257 ja viitenumerona k\u00e4ytet\u00e4\u00e4n 23016. Maksun saaja SHKK ry ja viestiin tilattavat tuotteet ja tilaajan nimi jos se &hellip; <\/p>\n<p class=\"link-more\"><a href=\"https:\/\/skotlanninhirvikoirat.fi\/?page_id=4602\" class=\"more-link\">Continue reading<span class=\"screen-reader-text\"> &#8221;Kerhokauppa&#8221;<\/span><\/a><\/p>\n","protected":false},"author":10,"featured_media":0,"parent":0,"menu_order":0,"comment_status":"closed","ping_status":"closed","template":"","meta":{"footnotes":""},"class_list":["post-4602","page","type-page","status-publish","hentry"],"_links":{"self":[{"href":"https:\/\/skotlanninhirvikoirat.fi\/index.php?rest_route=\/wp\/v2\/pages\/4602","targetHints":{"allow":["GET"]}}],"collection":[{"href":"https:\/\/skotlanninhirvikoirat.fi\/index.php?rest_route=\/wp\/v2\/pages"}],"about":[{"href":"https:\/\/skotlanninhirvikoirat.fi\/index.php?rest_route=\/wp\/v2\/types\/page"}],"author":[{"embeddable":true,"href":"https:\/\/skotlanninhirvikoirat.fi\/index.php?rest_route=\/wp\/v2\/users\/10"}],"replies":[{"embeddable":true,"href":"https:\/\/skotlanninhirvikoirat.fi\/index.php?rest_route=%2Fwp%2Fv2%2Fcomments&post=4602"}],"version-history":[{"count":1,"href":"https:\/\/skotlanninhirvikoirat.fi\/index.php?rest_route=\/wp\/v2\/pages\/4602\/revisions"}],"predecessor-version":[{"id":4603,"href":"https:\/\/skotlanninhirvikoirat.fi\/index.php?rest_route=\/wp\/v2\/pages\/4602\/revisions\/4603"}],"wp:attachment":[{"href":"https:\/\/skotlanninhirvikoirat.fi\/index.php?rest_route=%2Fwp%2Fv2%2Fmedia&parent=4602"}],"curies":[{"name":"wp","href":"https:\/\/api.w.org\/{rel}","templated":true}]}}