{"id":7,"date":"2014-06-11T23:14:20","date_gmt":"2014-06-11T20:14:20","guid":{"rendered":"http:\/\/skotlanninhirvikoirat.fi\/?page_id=7"},"modified":"2026-04-14T23:17:42","modified_gmt":"2026-04-14T20:17:42","slug":"kerhon-toimihenkilot","status":"publish","type":"page","link":"https:\/\/skotlanninhirvikoirat.fi\/?page_id=7","title":{"rendered":"Toimihenkil\u00f6t"},"content":{"rendered":"<h4><em>Hallitus ja toimikunnat v. 2026<\/em><\/h4>\n<p style=\"text-align: left;\"><strong>Puheenjohtaja <\/strong>Tiina Kuuteri<\/p>\n<p>puheenjohtaja(at)skotlanninhirvikoirat.fi<\/p>\n<p><strong>Varapuheenjohtaja\u00a0<\/strong>Maria-Susanna Nampaj\u00e4rvi<\/p>\n<p><strong>J\u00e4sensihteeri <\/strong>Tiina Kuuteri<\/p>\n<p>jasensihteeri(at)skotlanninhirvikoirat.fi<\/p>\n<p><strong>Rahastonhoitaja <\/strong>Katja Vattulainen<\/p>\n<p>rahastonhoitaja(at)skotlanninhirvikoirat.fi<\/p>\n<p><strong>Sihteeri<\/strong> Nina Viskari<\/p>\n<p>sihteeri(at)skotlanninhirvikoirat.fi<\/p>\n<p><strong>Hallituksen j\u00e4senet <\/strong>Maria-Susanna Nampaj\u00e4rvi, Mari Salonen, Satu Hakanurmi, Nina Viskari<\/p>\n<p>hallitus(at)skotlanninhirvikoirat.fi<\/p>\n<p><strong>Lehtitoimikunta <\/strong>Anki Lahtinen<\/p>\n<p>maskotti(at)skotlanninhirvikoirat.fi<\/p>\n<p><strong>Jalostustoimikunta<\/strong> Nina Viskari, asiantuntijaj\u00e4sen Tanya Ahlman-Stockmari<\/p>\n<p>jalostustoimikunta(at)skotlanninhirvikoirat.fi<\/p>\n<p><strong style=\"font-size: revert; color: initial;\">Juoksutoimikunta<\/strong><span style=\"font-size: revert; color: initial;\"> Maria-Susanna Nampaj\u00e4rvi, Tiina Kuuteri<\/span><\/p>\n<p>juoksutoimikunta(at)skotlanninhirvikoirat.fi<\/p>\n<p><strong>N\u00e4yttelytoimikunta <\/strong>Anki Lahtinen, Eija Kaipainen, Julia Kivinen, Katja Vattulainen<\/p>\n<p>nayttelytoimikunta(at)skotlanninhirvikoirat.fi<\/p>\n<p><strong><em>Muut yhteystiedot<\/em><\/strong><\/p>\n<p><strong>Pentuv\u00e4litys<\/strong> <em>Mari Salonen<\/em><\/p>\n<p>pentuvalitys(at)skotlanninhirvikoirat.fi<\/p>\n<p><strong>Kodinvaihtajat ja Rescue <\/strong>Hanna Laakso<\/p>\n<p>kodinvaihtajat(at)skotlanninhirvikoirat.fi<\/p>\n<p><strong>Media\u00a0<\/strong>Anki Lahtinen, Julia Kivinen<\/p>\n<p>facebook(at)skotlanninhirvikoirat.fi<\/p>\n<p><strong>Nettisivut <\/strong>Nina Viskari<\/p>\n<p>webmaster(at)skotlanninhirvikoirat.fi<\/p>\n<p><strong>Kerhokauppa <\/strong>Tiina Kuuteri<\/p>\n<p>jasensihteeri(at)skotlanninhirvikoirat.fi<\/p>\n<p><strong>Vuoden skotti-pistelaskut <\/strong>ilmoitetaan my\u00f6hemmin<\/p>\n<p>pistelasku(at)skotlanninhirvikoirat.fi<\/p>\n<p><strong>eSkotti-uutiskirje: <\/strong>Anki Lahtinen<\/p>\n<p>eskottitoimitus(at)gmail.com<\/p>\n","protected":false},"excerpt":{"rendered":"<p>Hallitus ja toimikunnat v. 2026 Puheenjohtaja Tiina Kuuteri puheenjohtaja(at)skotlanninhirvikoirat.fi Varapuheenjohtaja\u00a0Maria-Susanna Nampaj\u00e4rvi J\u00e4sensihteeri Tiina Kuuteri jasensihteeri(at)skotlanninhirvikoirat.fi Rahastonhoitaja Katja Vattulainen rahastonhoitaja(at)skotlanninhirvikoirat.fi Sihteeri Nina Viskari sihteeri(at)skotlanninhirvikoirat.fi Hallituksen j\u00e4senet Maria-Susanna Nampaj\u00e4rvi, Mari Salonen, Satu Hakanurmi, Nina Viskari hallitus(at)skotlanninhirvikoirat.fi Lehtitoimikunta Anki Lahtinen maskotti(at)skotlanninhirvikoirat.fi Jalostustoimikunta Nina Viskari, asiantuntijaj\u00e4sen Tanya Ahlman-Stockmari jalostustoimikunta(at)skotlanninhirvikoirat.fi Juoksutoimikunta Maria-Susanna Nampaj\u00e4rvi, Tiina Kuuteri juoksutoimikunta(at)skotlanninhirvikoirat.fi N\u00e4yttelytoimikunta Anki Lahtinen, Eija &hellip; <\/p>\n<p class=\"link-more\"><a href=\"https:\/\/skotlanninhirvikoirat.fi\/?page_id=7\" class=\"more-link\">Continue reading<span class=\"screen-reader-text\"> &#8221;Toimihenkil\u00f6t&#8221;<\/span><\/a><\/p>\n","protected":false},"author":1,"featured_media":0,"parent":2,"menu_order":1,"comment_status":"closed","ping_status":"open","template":"","meta":{"footnotes":""},"class_list":["post-7","page","type-page","status-publish","hentry"],"_links":{"self":[{"href":"https:\/\/skotlanninhirvikoirat.fi\/index.php?rest_route=\/wp\/v2\/pages\/7","targetHints":{"allow":["GET"]}}],"collection":[{"href":"https:\/\/skotlanninhirvikoirat.fi\/index.php?rest_route=\/wp\/v2\/pages"}],"about":[{"href":"https:\/\/skotlanninhirvikoirat.fi\/index.php?rest_route=\/wp\/v2\/types\/page"}],"author":[{"embeddable":true,"href":"https:\/\/skotlanninhirvikoirat.fi\/index.php?rest_route=\/wp\/v2\/users\/1"}],"replies":[{"embeddable":true,"href":"https:\/\/skotlanninhirvikoirat.fi\/index.php?rest_route=%2Fwp%2Fv2%2Fcomments&post=7"}],"version-history":[{"count":44,"href":"https:\/\/skotlanninhirvikoirat.fi\/index.php?rest_route=\/wp\/v2\/pages\/7\/revisions"}],"predecessor-version":[{"id":5047,"href":"https:\/\/skotlanninhirvikoirat.fi\/index.php?rest_route=\/wp\/v2\/pages\/7\/revisions\/5047"}],"up":[{"embeddable":true,"href":"https:\/\/skotlanninhirvikoirat.fi\/index.php?rest_route=\/wp\/v2\/pages\/2"}],"wp:attachment":[{"href":"https:\/\/skotlanninhirvikoirat.fi\/index.php?rest_route=%2Fwp%2Fv2%2Fmedia&parent=7"}],"curies":[{"name":"wp","href":"https:\/\/api.w.org\/{rel}","templated":true}]}}